{"id":2467,"date":"2025-06-07T13:44:39","date_gmt":"2025-06-07T10:44:39","guid":{"rendered":"https:\/\/tekfenkoleji.k12.tr\/?page_id=2467"},"modified":"2025-10-14T17:15:40","modified_gmt":"2025-10-14T14:15:40","slug":"narlidere-yonetim-kadromuz","status":"publish","type":"page","link":"https:\/\/tekfenkoleji.k12.tr\/index.php\/narlidere-yonetim-kadromuz\/","title":{"rendered":"Narl\u0131dere Y\u00f6netim Kadromuz"},"content":{"rendered":"\t\t<div data-elementor-type=\"wp-page\" data-elementor-id=\"2467\" class=\"elementor elementor-2467\">\n\t\t\t\t\t\t<section class=\"elementor-section elementor-top-section elementor-element elementor-element-6ce47d1 elementor-section-boxed elementor-section-height-default elementor-section-height-default\" data-id=\"6ce47d1\" data-element_type=\"section\">\n\t\t\t\t\t\t<div class=\"elementor-container elementor-column-gap-default\">\n\t\t\t\t\t<div class=\"aux-parallax-section elementor-column elementor-col-100 elementor-top-column elementor-element elementor-element-926f14f\" data-id=\"926f14f\" data-element_type=\"column\">\n\t\t\t<div class=\"elementor-widget-wrap elementor-element-populated\">\n\t\t\t\t\t\t<div class=\"elementor-element elementor-element-7319a1d elementor-widget elementor-widget-aux_modern_heading\" data-id=\"7319a1d\" data-element_type=\"widget\" data-widget_type=\"aux_modern_heading.default\">\n\t\t\t\t<div class=\"elementor-widget-container\">\n\t\t\t\t\t<section class=\"aux-widget-modern-heading\">\n            <div class=\"aux-widget-inner\"><h2 class=\"aux-modern-heading-primary\">Y\u00f6netim Kadromuz<\/h2><div class=\"aux-modern-heading-divider\"><\/div><\/div>\n        <\/section>\t\t\t\t<\/div>\n\t\t\t\t<\/div>\n\t\t\t\t\t<\/div>\n\t\t<\/div>\n\t\t\t\t\t<\/div>\n\t\t<\/section>\n\t\t\t\t<section class=\"elementor-section elementor-top-section elementor-element elementor-element-1a1c038 elementor-section-boxed elementor-section-height-default elementor-section-height-default\" data-id=\"1a1c038\" data-element_type=\"section\">\n\t\t\t\t\t\t<div class=\"elementor-container elementor-column-gap-default\">\n\t\t\t\t\t<div class=\"aux-parallax-section elementor-column elementor-col-100 elementor-top-column elementor-element elementor-element-ad83ddb\" data-id=\"ad83ddb\" data-element_type=\"column\">\n\t\t\t<div class=\"elementor-widget-wrap elementor-element-populated\">\n\t\t\t\t\t\t<div class=\"elementor-element elementor-element-4b86b1a elementor-widget elementor-widget-spacer\" data-id=\"4b86b1a\" data-element_type=\"widget\" data-widget_type=\"spacer.default\">\n\t\t\t\t<div class=\"elementor-widget-container\">\n\t\t\t\t\t\t\t<div class=\"elementor-spacer\">\n\t\t\t<div class=\"elementor-spacer-inner\"><\/div>\n\t\t<\/div>\n\t\t\t\t\t\t<\/div>\n\t\t\t\t<\/div>\n\t\t\t\t\t<\/div>\n\t\t<\/div>\n\t\t\t\t\t<\/div>\n\t\t<\/section>\n\t\t\t\t<section class=\"elementor-section elementor-top-section elementor-element elementor-element-09bb0c3 elementor-section-boxed elementor-section-height-default elementor-section-height-default\" data-id=\"09bb0c3\" data-element_type=\"section\">\n\t\t\t\t\t\t<div class=\"elementor-container elementor-column-gap-default\">\n\t\t\t\t\t<div class=\"aux-parallax-section elementor-column elementor-col-100 elementor-top-column elementor-element elementor-element-7508b60\" data-id=\"7508b60\" data-element_type=\"column\">\n\t\t\t<div class=\"elementor-widget-wrap elementor-element-populated\">\n\t\t\t\t\t\t<div class=\"elementor-element elementor-element-8cb9278 elementor-widget__width-initial elementor-widget elementor-widget-aux_staff\" data-id=\"8cb9278\" data-element_type=\"widget\" data-widget_type=\"aux_staff.default\">\n\t\t\t\t<div class=\"elementor-widget-container\">\n\t\t\t\t\t<section class=\"aux-wrap-style-simple widget-container aux-widget-staff aux-parent-aub7b3c369\">    <div class=\"aux-staff-container aux-staff-pos-top aux-staff-text-center aux-staff-text-dark \" >\n            <div class=\"aux-staff-header aux-staff-img-rect\">\n            <div class=\"aux-media-image\"><img fetchpriority=\"high\" decoding=\"async\" width=\"548\" height=\"357\" src=\"https:\/\/tekfenkoleji.k12.tr\/wp-content\/uploads\/2023\/12\/julide2-40x26.jpg\" class=\" aux-preload aux-has-preview\" alt=\"julide2\" data-ratio=\"1.54\" data-original-w=\"548\" data-src=\"https:\/\/tekfenkoleji.k12.tr\/wp-content\/uploads\/2023\/12\/julide2.jpg\" \/><\/div>        <\/div>\n            <div class=\"aux-staff-content\">\n                        <h4 class=\"col-title\">J\u00fclide \u00d6ZSOY<\/h4>\n                        <h5 class=\"col-subtitle\">Genel M\u00fcd\u00fcr<\/h5>\n                        <div class=\"entry-content\">\n                                1981 Y\u0131l\u0131nda \u0130zmir\u2019de do\u011fdu. Liseyi \u0130zmir\u2019de \u00f6zel bir kolejde tamamlad\u0131. 2000 y\u0131l\u0131nda Bilkent \u00dcniversitesi Uluslararas\u0131 \u0130\u015fletme B\u00f6l\u00fcm\u00fc\u2019n\u00fc kazand\u0131. 2 y\u0131l \u00f6\u011freniminin ard\u0131ndan Yeditepe \u00dcniversitesi\u2019ne yatay ge\u00e7i\u015f yaparak 2005 y\u0131l\u0131nda ba\u015far\u0131 ile mezun oldu. \u0130stanbul\u2019da 3 y\u0131l boyunca \u00f6zel bir kolejde e\u011fitim y\u00f6neticili\u011fi g\u00f6revinde bulundu. Son olarak \u0130zmir\u2019de \u00f6zel bir e\u011fitim kurumunda 2 y\u0131l boyunca anaokulu y\u00f6neticili\u011fi yapan J\u00fclide \u00d6zsoy Ocak 2018 tarihi itibariyle Tekfen Okullar\u0131 Genel M\u00fcd\u00fcr\u00fc g\u00f6revine atand\u0131.            <\/div>\n                    <\/div>\n\n    <\/div>\n\n\n<\/section><!-- widget-container -->\t\t\t\t<\/div>\n\t\t\t\t<\/div>\n\t\t\t\t<div class=\"elementor-element elementor-element-323ad69 elementor-widget elementor-widget-spacer\" data-id=\"323ad69\" data-element_type=\"widget\" data-widget_type=\"spacer.default\">\n\t\t\t\t<div class=\"elementor-widget-container\">\n\t\t\t\t\t\t\t<div class=\"elementor-spacer\">\n\t\t\t<div class=\"elementor-spacer-inner\"><\/div>\n\t\t<\/div>\n\t\t\t\t\t\t<\/div>\n\t\t\t\t<\/div>\n\t\t\t\t\t<\/div>\n\t\t<\/div>\n\t\t\t\t\t<\/div>\n\t\t<\/section>\n\t\t\t\t<section class=\"elementor-section elementor-top-section elementor-element elementor-element-8bea3e3 elementor-section-boxed elementor-section-height-default elementor-section-height-default\" data-id=\"8bea3e3\" data-element_type=\"section\">\n\t\t\t\t\t\t<div class=\"elementor-container elementor-column-gap-default\">\n\t\t\t\t\t<div class=\"aux-parallax-section elementor-column elementor-col-100 elementor-top-column elementor-element elementor-element-456cba5\" data-id=\"456cba5\" data-element_type=\"column\">\n\t\t\t<div class=\"elementor-widget-wrap elementor-element-populated\">\n\t\t\t\t\t\t<div class=\"elementor-element elementor-element-8d6e1a5 elementor-widget__width-initial elementor-widget elementor-widget-aux_staff\" data-id=\"8d6e1a5\" data-element_type=\"widget\" data-widget_type=\"aux_staff.default\">\n\t\t\t\t<div class=\"elementor-widget-container\">\n\t\t\t\t\t<section class=\"aux-wrap-style-simple widget-container aux-widget-staff aux-parent-au6aa47751\">    <div class=\"aux-staff-container aux-staff-pos-top aux-staff-text-center aux-staff-text-dark \" >\n            <div class=\"aux-staff-header aux-staff-img-rect\">\n            <div class=\"aux-media-image\"><img decoding=\"async\" width=\"514\" height=\"400\" src=\"https:\/\/tekfenkoleji.k12.tr\/wp-content\/uploads\/2025\/10\/hayriye-40x31.jpg\" class=\" aux-preload aux-has-preview\" alt=\"hayriye\" data-ratio=\"1.29\" data-original-w=\"514\" data-src=\"https:\/\/tekfenkoleji.k12.tr\/wp-content\/uploads\/2025\/10\/hayriye.jpg\" \/><\/div>        <\/div>\n            <div class=\"aux-staff-content\">\n                        <h4 class=\"col-title\">Hayriye \u00d6ZEN<\/h4>\n                        <h5 class=\"col-subtitle\">Anaokulu ve \u0130lkokul M\u00fcd\u00fcr\u00fc<\/h5>\n                        <div class=\"entry-content\">\n                                \u0130zmir\u2019de do\u011fmu\u015ftur. Atat\u00fcrk \u00dcniversitesi \u00c7ocuk Geli\u015fimi B\u00f6l\u00fcm\u00fc ve Anadolu \u00dcniversitesi Halkla \u0130li\u015fkiler B\u00f6l\u00fcm\u00fcnden mezun olmu\u015ftur. Mezuniyetinin ard\u0131ndan \u00f6zel e\u011fitim kurumlar\u0131nda uzun y\u0131llar \u00f6\u011fretmenlik yaparak \u00f6\u011frencilerinin akademik, sosyal ve duygusal geli\u015fimlerine y\u00f6nelik \u00f6nemli deneyimler kazanm\u0131\u015ft\u0131r.\n\nE\u011fitim alan\u0131ndaki bilgi ve birikimini y\u00f6netim s\u00fcre\u00e7lerine aktaran Hayriye \u00d6zen, \u00e7e\u015fitli nitelikli okullarda anaokulu, ilkokul ve ortaokul d\u00fczeylerinde m\u00fcd\u00fcr ve m\u00fcd\u00fcr yard\u0131mc\u0131l\u0131\u011f\u0131 g\u00f6revlerinde bulunmu\u015ftur. Kurum k\u00fclt\u00fcr\u00fcn\u00fc g\u00fc\u00e7lendiren, \u00f6\u011frenci merkezli yakla\u015f\u0131mlar\u0131 destekleyen ve \u00f6\u011fretmen geli\u015fimini \u00f6nemseyen bir e\u011fitim lideridir.\n\nMesleki geli\u015fimine b\u00fcy\u00fck \u00f6nem veren \u00d6zen; \u00d6zel E\u011fitim Kursu, Montessori E\u011fitimi Kursu, S\u0131n\u0131f \u0130\u00e7i Etkile\u015fim ve Duygusal Zek\u00e2, Etkili \u0130leti\u015fim Becerileri ve Beden Dili, Problem \u00c7\u00f6zme Teknikleri ve D\u00fc\u015f\u00fcnce G\u00fcc\u00fc, Reggio Emilia Yakla\u015f\u0131m\u0131, Okul \u00d6ncesi Drama ve Dramatik Etkinlikler, Satran\u00e7 E\u011fitmenli\u011fi ve Hakemlik, Halk Oyunlar\u0131 Kursu, Motivasyon ve Y\u00f6netim Teknikleri alanlar\u0131nda \u00e7e\u015fitli e\u011fitim ve sertifika programlar\u0131n\u0131 tamamlam\u0131\u015ft\u0131r.\n\nEyl\u00fcl 2025 itibar\u0131yla Tekfen Koleji ailesine kat\u0131lan Hayriye \u00d6zen, \u00f6\u011frencilerin yaln\u0131zca akademik ba\u015far\u0131lar\u0131na de\u011fil, ayn\u0131 zamanda duygusal ve sosyal geli\u015fimlerine de katk\u0131 sa\u011flayan bir e\u011fitim ortam\u0131 olu\u015fturmay\u0131 hedeflemekte; ileti\u015fim, liderlik ve ekip \u00e7al\u0131\u015fmas\u0131 konular\u0131ndaki g\u00fc\u00e7l\u00fc y\u00f6nleriyle kurumun e\u011fitim vizyonuna de\u011fer katmaya devam etmektedir.\n            <\/div>\n                    <\/div>\n\n    <\/div>\n\n\n<\/section><!-- widget-container -->\t\t\t\t<\/div>\n\t\t\t\t<\/div>\n\t\t\t\t\t<\/div>\n\t\t<\/div>\n\t\t\t\t\t<\/div>\n\t\t<\/section>\n\t\t\t\t<\/div>\n\t\t","protected":false},"excerpt":{"rendered":"<p>Y\u00f6netim Kadromuz J\u00fclide \u00d6ZSOY Genel M\u00fcd\u00fcr 1981 Y\u0131l\u0131nda \u0130zmir\u2019de do\u011fdu. Liseyi \u0130zmir\u2019de \u00f6zel bir kolejde tamamlad\u0131. 2000 y\u0131l\u0131nda Bilkent \u00dcniversitesi Uluslararas\u0131 \u0130\u015fletme B\u00f6l\u00fcm\u00fc\u2019n\u00fc kazand\u0131. 2 y\u0131l \u00f6\u011freniminin ard\u0131ndan Yeditepe \u00dcniversitesi\u2019ne yatay ge\u00e7i\u015f yaparak 2005 y\u0131l\u0131nda ba\u015far\u0131 ile mezun oldu. \u0130stanbul\u2019da 3 y\u0131l boyunca \u00f6zel bir kolejde e\u011fitim y\u00f6neticili\u011fi g\u00f6revinde bulundu. Son olarak \u0130zmir\u2019de \u00f6zel bir [&hellip;]<\/p>\n","protected":false},"author":1,"featured_media":0,"parent":0,"menu_order":0,"comment_status":"closed","ping_status":"closed","template":"","meta":{"footnotes":""},"class_list":["post-2467","page","type-page","status-publish","hentry"],"_links":{"self":[{"href":"https:\/\/tekfenkoleji.k12.tr\/index.php\/wp-json\/wp\/v2\/pages\/2467","targetHints":{"allow":["GET"]}}],"collection":[{"href":"https:\/\/tekfenkoleji.k12.tr\/index.php\/wp-json\/wp\/v2\/pages"}],"about":[{"href":"https:\/\/tekfenkoleji.k12.tr\/index.php\/wp-json\/wp\/v2\/types\/page"}],"author":[{"embeddable":true,"href":"https:\/\/tekfenkoleji.k12.tr\/index.php\/wp-json\/wp\/v2\/users\/1"}],"replies":[{"embeddable":true,"href":"https:\/\/tekfenkoleji.k12.tr\/index.php\/wp-json\/wp\/v2\/comments?post=2467"}],"version-history":[{"count":20,"href":"https:\/\/tekfenkoleji.k12.tr\/index.php\/wp-json\/wp\/v2\/pages\/2467\/revisions"}],"predecessor-version":[{"id":2840,"href":"https:\/\/tekfenkoleji.k12.tr\/index.php\/wp-json\/wp\/v2\/pages\/2467\/revisions\/2840"}],"wp:attachment":[{"href":"https:\/\/tekfenkoleji.k12.tr\/index.php\/wp-json\/wp\/v2\/media?parent=2467"}],"curies":[{"name":"wp","href":"https:\/\/api.w.org\/{rel}","templated":true}]}}