{"id":2472,"date":"2025-06-07T13:50:46","date_gmt":"2025-06-07T10:50:46","guid":{"rendered":"https:\/\/tekfenkoleji.k12.tr\/?page_id=2472"},"modified":"2025-10-15T13:34:52","modified_gmt":"2025-10-15T10:34:52","slug":"narlidere-idari-kadromuz","status":"publish","type":"page","link":"https:\/\/tekfenkoleji.k12.tr\/index.php\/narlidere-idari-kadromuz\/","title":{"rendered":"Narl\u0131dere \u0130dari Kadromuz"},"content":{"rendered":"\t\t<div data-elementor-type=\"wp-page\" data-elementor-id=\"2472\" class=\"elementor elementor-2472\">\n\t\t\t\t\t\t<section class=\"elementor-section elementor-top-section elementor-element elementor-element-6ce47d1 elementor-section-boxed elementor-section-height-default elementor-section-height-default\" data-id=\"6ce47d1\" data-element_type=\"section\">\n\t\t\t\t\t\t<div class=\"elementor-container elementor-column-gap-default\">\n\t\t\t\t\t<div class=\"aux-parallax-section elementor-column elementor-col-100 elementor-top-column elementor-element elementor-element-926f14f\" data-id=\"926f14f\" data-element_type=\"column\">\n\t\t\t<div class=\"elementor-widget-wrap elementor-element-populated\">\n\t\t\t\t\t\t<div class=\"elementor-element elementor-element-7319a1d elementor-widget elementor-widget-aux_modern_heading\" data-id=\"7319a1d\" data-element_type=\"widget\" data-widget_type=\"aux_modern_heading.default\">\n\t\t\t\t<div class=\"elementor-widget-container\">\n\t\t\t\t\t<section class=\"aux-widget-modern-heading\">\n            <div class=\"aux-widget-inner\"><h2 class=\"aux-modern-heading-primary\">\u0130dari Kadromuz<\/h2><div class=\"aux-modern-heading-divider\"><\/div><\/div>\n        <\/section>\t\t\t\t<\/div>\n\t\t\t\t<\/div>\n\t\t\t\t\t<\/div>\n\t\t<\/div>\n\t\t\t\t\t<\/div>\n\t\t<\/section>\n\t\t\t\t<section class=\"elementor-section elementor-top-section elementor-element elementor-element-1a1c038 elementor-section-boxed elementor-section-height-default elementor-section-height-default\" data-id=\"1a1c038\" data-element_type=\"section\">\n\t\t\t\t\t\t<div class=\"elementor-container elementor-column-gap-default\">\n\t\t\t\t\t<div class=\"aux-parallax-section elementor-column elementor-col-100 elementor-top-column elementor-element elementor-element-ad83ddb\" data-id=\"ad83ddb\" data-element_type=\"column\">\n\t\t\t<div class=\"elementor-widget-wrap elementor-element-populated\">\n\t\t\t\t\t\t<div class=\"elementor-element elementor-element-4b86b1a elementor-widget elementor-widget-spacer\" data-id=\"4b86b1a\" data-element_type=\"widget\" data-widget_type=\"spacer.default\">\n\t\t\t\t<div class=\"elementor-widget-container\">\n\t\t\t\t\t\t\t<div class=\"elementor-spacer\">\n\t\t\t<div class=\"elementor-spacer-inner\"><\/div>\n\t\t<\/div>\n\t\t\t\t\t\t<\/div>\n\t\t\t\t<\/div>\n\t\t\t\t\t<\/div>\n\t\t<\/div>\n\t\t\t\t\t<\/div>\n\t\t<\/section>\n\t\t\t\t<section class=\"elementor-section elementor-top-section elementor-element elementor-element-8bea3e3 elementor-section-boxed elementor-section-height-default elementor-section-height-default\" data-id=\"8bea3e3\" data-element_type=\"section\">\n\t\t\t\t\t\t<div class=\"elementor-container elementor-column-gap-default\">\n\t\t\t\t\t<div class=\"aux-parallax-section elementor-column elementor-col-33 elementor-top-column elementor-element elementor-element-456cba5\" data-id=\"456cba5\" data-element_type=\"column\">\n\t\t\t<div class=\"elementor-widget-wrap elementor-element-populated\">\n\t\t\t\t\t\t<div class=\"elementor-element elementor-element-7071fe7 elementor-widget elementor-widget-aux_staff\" data-id=\"7071fe7\" data-element_type=\"widget\" data-widget_type=\"aux_staff.default\">\n\t\t\t\t<div class=\"elementor-widget-container\">\n\t\t\t\t\t<section class=\"aux-wrap-style-simple widget-container aux-widget-staff aux-parent-aued15a6ba\">    <div class=\"aux-staff-container aux-staff-pos-top aux-staff-text-left aux-staff-text-dark \" >\n            <div class=\"aux-staff-header aux-staff-img-rect\">\n            <div class=\"aux-media-image\"><img fetchpriority=\"high\" decoding=\"async\" width=\"514\" height=\"400\" src=\"https:\/\/tekfenkoleji.k12.tr\/wp-content\/uploads\/2025\/10\/OZNEM.jpg\" alt=\"\u00d6ZNEM\" data-ratio=\"1.29\" data-original-w=\"514\" \/><\/div>        <\/div>\n            <div class=\"aux-staff-content\">\n                        <h4 class=\"col-title\">\u00d6znem KO\u00c7AK<\/h4>\n                        <h5 class=\"col-subtitle\">Halkla \u0130li\u015fkiler M\u00fcd\u00fcr\u00fcm\u00fcz<\/h5>\n                        <div class=\"entry-content\">\n                                1983 y\u0131l\u0131nda \u0130zmir\u2019de do\u011fdum. Anadolu \u00dcniversitesi Halkla \u0130li\u015fkiler, \u0130\u015fletme ve Tarih b\u00f6l\u00fcmlerinden mezun oldum. E\u011fitim sekt\u00f6r\u00fcnde uzun y\u0131llara dayanan bir deneyime sahibim.\n\nMeslek hayat\u0131ma \u00e7e\u015fitli dershane ve kurslarda ba\u015flad\u0131m; bu s\u00fcre\u00e7te 9 y\u0131l boyunca farkl\u0131 pozisyonlarda g\u00f6rev ald\u0131m. Son 11 y\u0131ld\u0131r ise \u00f6zel okullarda Halkla \u0130li\u015fkiler personeli olarak \u00e7al\u0131\u015fmaktay\u0131m. Kurum i\u00e7i ve d\u0131\u015f\u0131 ileti\u015fim, veli ili\u015fkileri, \u00f6\u011frenci kay\u0131t s\u00fcre\u00e7leri, organizasyon y\u00f6netimi ve kurumsal temsil alanlar\u0131nda aktif rol \u00fcstlendim.\n\nA\u011fustos 2024 itibar\u0131yla Tekfen Koleji Nardere Kamp\u00fcs\u00fc\u2019nde Halkla \u0130li\u015fkiler biriminde g\u00f6revime devam ediyorum. E\u011fitim kurumlar\u0131nda kazand\u0131\u011f\u0131m tecr\u00fcbe ve \u00e7ok y\u00f6nl\u00fc akademik altyap\u0131m ile ileti\u015fim odakl\u0131, \u00e7\u00f6z\u00fcm \u00fcreten ve kuruma de\u011fer katan bir yakla\u015f\u0131mla \u00e7al\u0131\u015fmalar\u0131ma y\u00f6n vermekteyim.            <\/div>\n                    <\/div>\n\n    <\/div>\n\n\n<\/section><!-- widget-container -->\t\t\t\t<\/div>\n\t\t\t\t<\/div>\n\t\t\t\t\t<\/div>\n\t\t<\/div>\n\t\t\t\t<div class=\"aux-parallax-section elementor-column elementor-col-33 elementor-top-column elementor-element elementor-element-bc5d98d\" data-id=\"bc5d98d\" data-element_type=\"column\">\n\t\t\t<div class=\"elementor-widget-wrap\">\n\t\t\t\t\t\t\t<\/div>\n\t\t<\/div>\n\t\t\t\t<div class=\"aux-parallax-section elementor-column elementor-col-33 elementor-top-column elementor-element elementor-element-a66a2e1\" data-id=\"a66a2e1\" data-element_type=\"column\">\n\t\t\t<div class=\"elementor-widget-wrap\">\n\t\t\t\t\t\t\t<\/div>\n\t\t<\/div>\n\t\t\t\t\t<\/div>\n\t\t<\/section>\n\t\t\t\t<\/div>\n\t\t","protected":false},"excerpt":{"rendered":"<p>\u0130dari Kadromuz \u00d6znem KO\u00c7AK Halkla \u0130li\u015fkiler M\u00fcd\u00fcr\u00fcm\u00fcz 1983 y\u0131l\u0131nda \u0130zmir\u2019de do\u011fdum. Anadolu \u00dcniversitesi Halkla \u0130li\u015fkiler, \u0130\u015fletme ve Tarih b\u00f6l\u00fcmlerinden mezun oldum. E\u011fitim sekt\u00f6r\u00fcnde uzun y\u0131llara dayanan bir deneyime sahibim. Meslek hayat\u0131ma \u00e7e\u015fitli dershane ve kurslarda ba\u015flad\u0131m; bu s\u00fcre\u00e7te 9 y\u0131l boyunca farkl\u0131 pozisyonlarda g\u00f6rev ald\u0131m. Son 11 y\u0131ld\u0131r ise \u00f6zel okullarda Halkla \u0130li\u015fkiler personeli olarak [&hellip;]<\/p>\n","protected":false},"author":1,"featured_media":0,"parent":0,"menu_order":0,"comment_status":"closed","ping_status":"closed","template":"","meta":{"footnotes":""},"class_list":["post-2472","page","type-page","status-publish","hentry"],"_links":{"self":[{"href":"https:\/\/tekfenkoleji.k12.tr\/index.php\/wp-json\/wp\/v2\/pages\/2472","targetHints":{"allow":["GET"]}}],"collection":[{"href":"https:\/\/tekfenkoleji.k12.tr\/index.php\/wp-json\/wp\/v2\/pages"}],"about":[{"href":"https:\/\/tekfenkoleji.k12.tr\/index.php\/wp-json\/wp\/v2\/types\/page"}],"author":[{"embeddable":true,"href":"https:\/\/tekfenkoleji.k12.tr\/index.php\/wp-json\/wp\/v2\/users\/1"}],"replies":[{"embeddable":true,"href":"https:\/\/tekfenkoleji.k12.tr\/index.php\/wp-json\/wp\/v2\/comments?post=2472"}],"version-history":[{"count":7,"href":"https:\/\/tekfenkoleji.k12.tr\/index.php\/wp-json\/wp\/v2\/pages\/2472\/revisions"}],"predecessor-version":[{"id":2843,"href":"https:\/\/tekfenkoleji.k12.tr\/index.php\/wp-json\/wp\/v2\/pages\/2472\/revisions\/2843"}],"wp:attachment":[{"href":"https:\/\/tekfenkoleji.k12.tr\/index.php\/wp-json\/wp\/v2\/media?parent=2472"}],"curies":[{"name":"wp","href":"https:\/\/api.w.org\/{rel}","templated":true}]}}