{"id":732,"date":"2023-11-02T10:10:19","date_gmt":"2023-11-02T07:10:19","guid":{"rendered":"https:\/\/tekfenkoleji.k12.tr\/?page_id=732"},"modified":"2025-10-10T13:07:10","modified_gmt":"2025-10-10T10:07:10","slug":"yonetim-kadromuz","status":"publish","type":"page","link":"https:\/\/tekfenkoleji.k12.tr\/index.php\/yonetim-kadromuz\/","title":{"rendered":"Y\u00f6netim Kadromuz"},"content":{"rendered":"\t\t<div data-elementor-type=\"wp-page\" data-elementor-id=\"732\" class=\"elementor elementor-732\">\n\t\t\t\t\t\t<section class=\"elementor-section elementor-top-section elementor-element elementor-element-6ce47d1 elementor-section-boxed elementor-section-height-default elementor-section-height-default\" data-id=\"6ce47d1\" data-element_type=\"section\">\n\t\t\t\t\t\t<div class=\"elementor-container elementor-column-gap-default\">\n\t\t\t\t\t<div class=\"aux-parallax-section elementor-column elementor-col-100 elementor-top-column elementor-element elementor-element-926f14f\" data-id=\"926f14f\" data-element_type=\"column\">\n\t\t\t<div class=\"elementor-widget-wrap elementor-element-populated\">\n\t\t\t\t\t\t<div class=\"elementor-element elementor-element-7319a1d elementor-widget elementor-widget-aux_modern_heading\" data-id=\"7319a1d\" data-element_type=\"widget\" data-widget_type=\"aux_modern_heading.default\">\n\t\t\t\t<div class=\"elementor-widget-container\">\n\t\t\t\t\t<section class=\"aux-widget-modern-heading\">\n            <div class=\"aux-widget-inner\"><h2 class=\"aux-modern-heading-primary\">Y\u00f6netim Kadromuz<\/h2><div class=\"aux-modern-heading-divider\"><\/div><\/div>\n        <\/section>\t\t\t\t<\/div>\n\t\t\t\t<\/div>\n\t\t\t\t\t<\/div>\n\t\t<\/div>\n\t\t\t\t\t<\/div>\n\t\t<\/section>\n\t\t\t\t<section class=\"elementor-section elementor-top-section elementor-element elementor-element-1a1c038 elementor-section-boxed elementor-section-height-default elementor-section-height-default\" data-id=\"1a1c038\" data-element_type=\"section\">\n\t\t\t\t\t\t<div class=\"elementor-container elementor-column-gap-default\">\n\t\t\t\t\t<div class=\"aux-parallax-section elementor-column elementor-col-100 elementor-top-column elementor-element elementor-element-ad83ddb\" data-id=\"ad83ddb\" data-element_type=\"column\">\n\t\t\t<div class=\"elementor-widget-wrap elementor-element-populated\">\n\t\t\t\t\t\t<div class=\"elementor-element elementor-element-4b86b1a elementor-widget elementor-widget-spacer\" data-id=\"4b86b1a\" data-element_type=\"widget\" data-widget_type=\"spacer.default\">\n\t\t\t\t<div class=\"elementor-widget-container\">\n\t\t\t\t\t\t\t<div class=\"elementor-spacer\">\n\t\t\t<div class=\"elementor-spacer-inner\"><\/div>\n\t\t<\/div>\n\t\t\t\t\t\t<\/div>\n\t\t\t\t<\/div>\n\t\t\t\t\t<\/div>\n\t\t<\/div>\n\t\t\t\t\t<\/div>\n\t\t<\/section>\n\t\t\t\t<section class=\"elementor-section elementor-top-section elementor-element elementor-element-09bb0c3 elementor-section-boxed elementor-section-height-default elementor-section-height-default\" data-id=\"09bb0c3\" data-element_type=\"section\">\n\t\t\t\t\t\t<div class=\"elementor-container elementor-column-gap-default\">\n\t\t\t\t\t<div class=\"aux-parallax-section elementor-column elementor-col-100 elementor-top-column elementor-element elementor-element-7508b60\" data-id=\"7508b60\" data-element_type=\"column\">\n\t\t\t<div class=\"elementor-widget-wrap elementor-element-populated\">\n\t\t\t\t\t\t<div class=\"elementor-element elementor-element-8cb9278 elementor-widget__width-initial elementor-widget elementor-widget-aux_staff\" data-id=\"8cb9278\" data-element_type=\"widget\" data-widget_type=\"aux_staff.default\">\n\t\t\t\t<div class=\"elementor-widget-container\">\n\t\t\t\t\t<section class=\"aux-wrap-style-simple widget-container aux-widget-staff aux-parent-aua7c8f8f3\">    <div class=\"aux-staff-container aux-staff-pos-top aux-staff-text-center aux-staff-text-dark \" >\n            <div class=\"aux-staff-header aux-staff-img-rect\">\n            <div class=\"aux-media-image\"><img fetchpriority=\"high\" decoding=\"async\" width=\"548\" height=\"357\" src=\"https:\/\/tekfenkoleji.k12.tr\/wp-content\/uploads\/2023\/12\/julide2-40x26.jpg\" class=\" aux-preload aux-has-preview\" alt=\"julide2\" data-ratio=\"1.54\" data-original-w=\"548\" data-src=\"https:\/\/tekfenkoleji.k12.tr\/wp-content\/uploads\/2023\/12\/julide2.jpg\" \/><\/div>        <\/div>\n            <div class=\"aux-staff-content\">\n                        <h4 class=\"col-title\">J\u00fclide \u00d6ZSOY<\/h4>\n                        <h5 class=\"col-subtitle\">Genel M\u00fcd\u00fcr<\/h5>\n                        <div class=\"entry-content\">\n                                1981 Y\u0131l\u0131nda \u0130zmir\u2019de do\u011fdu. Liseyi \u0130zmir\u2019de \u00f6zel bir kolejde tamamlad\u0131. 2000 y\u0131l\u0131nda Bilkent \u00dcniversitesi Uluslararas\u0131 \u0130\u015fletme B\u00f6l\u00fcm\u00fc\u2019n\u00fc kazand\u0131. 2 y\u0131l \u00f6\u011freniminin ard\u0131ndan Yeditepe \u00dcniversitesi\u2019ne yatay ge\u00e7i\u015f yaparak 2005 y\u0131l\u0131nda ba\u015far\u0131 ile mezun oldu. \u0130stanbul\u2019da 3 y\u0131l boyunca \u00f6zel bir kolejde e\u011fitim y\u00f6neticili\u011fi g\u00f6revinde bulundu. Son olarak \u0130zmir\u2019de \u00f6zel bir e\u011fitim kurumunda 2 y\u0131l boyunca anaokulu y\u00f6neticili\u011fi yapan J\u00fclide \u00d6zsoy Ocak 2018 tarihi itibariyle Tekfen Okullar\u0131 Genel M\u00fcd\u00fcr\u00fc g\u00f6revine atand\u0131.            <\/div>\n                    <\/div>\n\n    <\/div>\n\n\n<\/section><!-- widget-container -->\t\t\t\t<\/div>\n\t\t\t\t<\/div>\n\t\t\t\t<div class=\"elementor-element elementor-element-323ad69 elementor-widget elementor-widget-spacer\" data-id=\"323ad69\" data-element_type=\"widget\" data-widget_type=\"spacer.default\">\n\t\t\t\t<div class=\"elementor-widget-container\">\n\t\t\t\t\t\t\t<div class=\"elementor-spacer\">\n\t\t\t<div class=\"elementor-spacer-inner\"><\/div>\n\t\t<\/div>\n\t\t\t\t\t\t<\/div>\n\t\t\t\t<\/div>\n\t\t\t\t\t<\/div>\n\t\t<\/div>\n\t\t\t\t\t<\/div>\n\t\t<\/section>\n\t\t\t\t<section class=\"elementor-section elementor-top-section elementor-element elementor-element-8bea3e3 elementor-section-boxed elementor-section-height-default elementor-section-height-default\" data-id=\"8bea3e3\" data-element_type=\"section\">\n\t\t\t\t\t\t<div class=\"elementor-container elementor-column-gap-default\">\n\t\t\t\t\t<div class=\"aux-parallax-section elementor-column elementor-col-25 elementor-top-column elementor-element elementor-element-456cba5\" data-id=\"456cba5\" data-element_type=\"column\">\n\t\t\t<div class=\"elementor-widget-wrap elementor-element-populated\">\n\t\t\t\t\t\t<div class=\"elementor-element elementor-element-dde5eb2 elementor-widget elementor-widget-aux_staff\" data-id=\"dde5eb2\" data-element_type=\"widget\" data-widget_type=\"aux_staff.default\">\n\t\t\t\t<div class=\"elementor-widget-container\">\n\t\t\t\t\t<section class=\"aux-wrap-style-simple widget-container aux-widget-staff aux-parent-au08ac7ee2\">    <div class=\"aux-staff-container aux-staff-pos-top aux-staff-text-left aux-staff-text-dark \" >\n            <div class=\"aux-staff-header aux-staff-img-rect\">\n            <div class=\"aux-media-image\"><img decoding=\"async\" width=\"1600\" height=\"1066\" src=\"https:\/\/tekfenkoleji.k12.tr\/wp-content\/uploads\/2025\/10\/YESIM-CAKI.jpg\" alt=\"YES\u0130M CAKI\" data-ratio=\"1.5\" data-original-w=\"1600\" \/><\/div>        <\/div>\n            <div class=\"aux-staff-content\">\n                        <h4 class=\"col-title\">YE\u015e\u0130M \u00c7AKI<\/h4>\n                        <h5 class=\"col-subtitle\">\u0130LKOKUL M\u00dcD\u00dcR\u00dcM\u00dcZ<\/h5>\n                        <div class=\"entry-content\">\n                                1981 y\u0131l\u0131nda Almanya\u2019da do\u011fmu\u015ftur. Lisans e\u011fitimini Afyon Kocatepe \u00dcniversitesi Fen-Edebiyat Fak\u00fcltesinde, y\u00fcksek lisans e\u011fitimini ise yine ayn\u0131 \u00fcniversitede ba\u015far\u0131yla tamamlam\u0131\u015ft\u0131r. Mezuniyetinin ard\u0131ndan \u0130zmir\u2019in \u00f6nde gelen \u00f6zel okullar\u0131nda 17 y\u0131l boyunca b\u00f6l\u00fcm ba\u015fkanl\u0131\u011f\u0131 ve idarecilik g\u00f6revlerinde bulunmu\u015ftur.\n\nB\u00f6l\u00fcm ba\u015fkan\u0131 ve idareci oldu\u011fu d\u00f6nemlerde \u00f6zellikle Destination Imagination ve FLL Robotics kodlama turnuvalar\u0131nda \u0130zmir ve T\u00fcrkiye dereceleri kazand\u0131rm\u0131\u015ft\u0131r.\n\n2025\u20132026 e\u011fitim-\u00f6\u011fretim y\u0131l\u0131nda Tekfen Koleji ailesine kat\u0131lm\u0131\u015ft\u0131r.\n            <\/div>\n                    <\/div>\n\n    <\/div>\n\n\n<\/section><!-- widget-container -->\t\t\t\t<\/div>\n\t\t\t\t<\/div>\n\t\t\t\t\t<\/div>\n\t\t<\/div>\n\t\t\t\t<div class=\"aux-parallax-section elementor-column elementor-col-25 elementor-top-column elementor-element elementor-element-bc5d98d\" data-id=\"bc5d98d\" data-element_type=\"column\">\n\t\t\t<div class=\"elementor-widget-wrap elementor-element-populated\">\n\t\t\t\t\t\t<div class=\"elementor-element elementor-element-fe2e398 elementor-widget elementor-widget-aux_staff\" data-id=\"fe2e398\" data-element_type=\"widget\" data-widget_type=\"aux_staff.default\">\n\t\t\t\t<div class=\"elementor-widget-container\">\n\t\t\t\t\t<section class=\"aux-wrap-style-simple widget-container aux-widget-staff aux-parent-aub0b80c66\">    <div class=\"aux-staff-container aux-staff-pos-top aux-staff-text-left aux-staff-text-dark \" >\n            <div class=\"aux-staff-header aux-staff-img-rect\">\n            <div class=\"aux-media-image\"><img decoding=\"async\" width=\"1600\" height=\"1066\" src=\"https:\/\/tekfenkoleji.k12.tr\/wp-content\/uploads\/2023\/11\/ortaokul-mdr-yard.jpeg\" alt=\"ortaokul mdr yard\" data-ratio=\"1.5\" data-original-w=\"1600\" \/><\/div>        <\/div>\n            <div class=\"aux-staff-content\">\n                        <h4 class=\"col-title\">F\u0130L\u0130Z YAL\u00c7IN<\/h4>\n                        <h5 class=\"col-subtitle\">ORTAOKUL M\u00dcD\u00dcR\u00dcM\u00dcZ<\/h5>\n                        <div class=\"entry-content\">\n                                Ortaokul Kademesi M\u00fcd\u00fcr Yard\u0131mc\u0131l\u0131\u011f\u0131 g\u00f6revine say\u0131n Filiz YAL\u00c7IN getirilmi\u015ftir. \u0130darecimiz 1981 y\u0131l\u0131nda d\u00fcnyaya geldi.Hacettepe \u00dcniversitesi T\u00fcrk Dili ve Edebiyat\u0131 b\u00f6l\u00fcm\u00fcnden 2006 y\u0131l\u0131nda onur derecesiyle mezun oldu. 17 y\u0131l boyunca \u00f6zel okullar\u0131n fen lisesi ve ortaokul kademelerinde s\u0131ras\u0131yla B\u00f6l\u00fcm Ba\u015fkanligi, M\u00fcd\u00fcr Yard\u0131mc\u0131l\u0131\u011f\u0131 ve Kurum M\u00fcd\u00fcr\u00fc g\u00f6revlerinde bulunmu\u015ftur. 2023-2024 e\u011fitim \u2013 \u00f6\u011fretim d\u00f6neminde Tekfen Koleji ailesine kat\u0131lm\u0131\u015ft\u0131r.            <\/div>\n                    <\/div>\n\n    <\/div>\n\n\n<\/section><!-- widget-container -->\t\t\t\t<\/div>\n\t\t\t\t<\/div>\n\t\t\t\t\t<\/div>\n\t\t<\/div>\n\t\t\t\t<div class=\"aux-parallax-section elementor-column elementor-col-25 elementor-top-column elementor-element elementor-element-a66a2e1\" data-id=\"a66a2e1\" data-element_type=\"column\">\n\t\t\t<div class=\"elementor-widget-wrap elementor-element-populated\">\n\t\t\t\t\t\t<div class=\"elementor-element elementor-element-80aff61 elementor-widget elementor-widget-aux_staff\" data-id=\"80aff61\" data-element_type=\"widget\" data-widget_type=\"aux_staff.default\">\n\t\t\t\t<div class=\"elementor-widget-container\">\n\t\t\t\t\t<section class=\"aux-wrap-style-simple widget-container aux-widget-staff aux-parent-au315b9877\">    <div class=\"aux-staff-container aux-staff-pos-top aux-staff-text-left aux-staff-text-dark \" >\n            <div class=\"aux-staff-header aux-staff-img-rect\">\n            <div class=\"aux-media-image\"><img loading=\"lazy\" decoding=\"async\" width=\"1600\" height=\"1066\" src=\"https:\/\/tekfenkoleji.k12.tr\/wp-content\/uploads\/2023\/11\/esen-mekiker.jpeg\" alt=\"esen mekiker\" data-ratio=\"1.5\" data-original-w=\"1600\" \/><\/div>        <\/div>\n            <div class=\"aux-staff-content\">\n                        <h4 class=\"col-title\">ESEN MEK\u0130KER<\/h4>\n                        <h5 class=\"col-subtitle\">L\u0130SE M\u00dcD\u00dcR\u00dcM\u00dcZ<\/h5>\n                        <div class=\"entry-content\">\n                                1983 \u0130zmir do\u011fumlu olan Esen Mekiker 2004 y\u0131l\u0131nda S\u00fcleyman Demirel \u00dcniversitesi Sosyoloji B\u00f6l\u00fcm\u00fcnden mezun oldu. Sosyal Hizmetler \u00c7ocuk Esirgeme Kurumunda 1 y\u0131l g\u00f6n\u00fcll\u00fc \u00e7al\u0131\u015ft\u0131 ve mesleki kariyerine 2004 y\u0131l\u0131nda ba\u015flayarak, 8 y\u0131l boyunca  bir\u00e7ok dershanede  akademik rehberlik ve m\u00fcd\u00fcr yard\u0131mc\u0131l\u0131\u011f\u0131 g\u00f6revlerinde bulundu. 2015 y\u0131l\u0131nda Dokuz Eyl\u00fcl \u00dcniversitesinde Pedogojik Formasyon e\u011fitimini tamamlayan \u00f6\u011fretmenimiz, 2016 y\u0131l\u0131nda aile dan\u0131\u015fmanl\u0131\u011f\u0131 ve aile arabuluculu\u011fu uzmanl\u0131k e\u011fitimlerini ald\u0131. Son 5 y\u0131l ise \u00f6zel kolej b\u00fcnyesinde rehber \u00f6\u011fretmen ve m\u00fcd\u00fcr yard\u0131mc\u0131s\u0131 olarak \u00e7al\u0131\u015ft\u0131 ve 2018 y\u0131l\u0131nda Tekfen Koleji ailesine kat\u0131ld\u0131.            <\/div>\n                    <\/div>\n\n    <\/div>\n\n\n<\/section><!-- widget-container -->\t\t\t\t<\/div>\n\t\t\t\t<\/div>\n\t\t\t\t\t<\/div>\n\t\t<\/div>\n\t\t\t\t<div class=\"aux-parallax-section elementor-column elementor-col-25 elementor-top-column elementor-element elementor-element-618ad0c\" data-id=\"618ad0c\" data-element_type=\"column\">\n\t\t\t<div class=\"elementor-widget-wrap elementor-element-populated\">\n\t\t\t\t\t\t<div class=\"elementor-element elementor-element-9bd46b3 elementor-widget elementor-widget-aux_staff\" data-id=\"9bd46b3\" data-element_type=\"widget\" data-widget_type=\"aux_staff.default\">\n\t\t\t\t<div class=\"elementor-widget-container\">\n\t\t\t\t\t<section class=\"aux-wrap-style-simple widget-container aux-widget-staff aux-parent-aud81bd9af\">    <div class=\"aux-staff-container aux-staff-pos-top aux-staff-text-left aux-staff-text-dark \" >\n            <div class=\"aux-staff-header aux-staff-img-rect\">\n            <div class=\"aux-media-image\"><img loading=\"lazy\" decoding=\"async\" width=\"2560\" height=\"1707\" src=\"https:\/\/tekfenkoleji.k12.tr\/wp-content\/uploads\/2024\/09\/IMG_6781-scaled.jpg\" alt=\"IMG_6781\" data-ratio=\"1.5\" data-original-w=\"2560\" \/><\/div>        <\/div>\n            <div class=\"aux-staff-content\">\n                        <h4 class=\"col-title\">EL\u0130F \u00d6ZT\u00dcRK<\/h4>\n                        <h5 class=\"col-subtitle\">SOSYAL ETK\u0130NL\u0130K KOORD\u0130NAT\u00d6R\u00dc<\/h5>\n                        <div class=\"entry-content\">\n                                1984 y\u0131l\u0131nda  izmir'de d\u00fcnyaya geldi, Uluda\u011f \u00dcniversitesi Devlet konservatuvar\u0131 lisans, Uluda\u011f \u00dcniversitesi M\u00fczik E\u011fitim Bilimleri Y\u00fcksek lisans ve Uluda\u011f \u00dcniversitesi Pedagojik formasyon e\u011fitimlerini ba\u015far\u0131 ile tamamlad\u0131. 7 y\u0131l Bursa B\u00f6lge Devlet Senfoni orkestras\u0131 keman sanat\u00e7\u0131l\u0131\u011f\u0131, m\u00fczik \u00f6\u011fretmenli\u011fi ve m\u00fczik z\u00fcmre ba\u015fkanl\u0131klar\u0131 ile mesle\u011finde 16.\u00a0y\u0131l\u0131n\u0131\u00a0bitirdi.            <\/div>\n                    <\/div>\n\n    <\/div>\n\n\n<\/section><!-- widget-container -->\t\t\t\t<\/div>\n\t\t\t\t<\/div>\n\t\t\t\t\t<\/div>\n\t\t<\/div>\n\t\t\t\t\t<\/div>\n\t\t<\/section>\n\t\t\t\t<section class=\"elementor-section elementor-top-section elementor-element elementor-element-8a4b5f4 elementor-section-boxed elementor-section-height-default elementor-section-height-default\" data-id=\"8a4b5f4\" data-element_type=\"section\">\n\t\t\t\t\t\t<div class=\"elementor-container elementor-column-gap-default\">\n\t\t\t\t\t<div class=\"aux-parallax-section elementor-column elementor-col-25 elementor-top-column elementor-element elementor-element-aec5378\" data-id=\"aec5378\" data-element_type=\"column\">\n\t\t\t<div class=\"elementor-widget-wrap\">\n\t\t\t\t\t\t\t<\/div>\n\t\t<\/div>\n\t\t\t\t<div class=\"aux-parallax-section elementor-column elementor-col-25 elementor-top-column elementor-element elementor-element-67fe09c\" data-id=\"67fe09c\" data-element_type=\"column\">\n\t\t\t<div class=\"elementor-widget-wrap\">\n\t\t\t\t\t\t\t<\/div>\n\t\t<\/div>\n\t\t\t\t<div class=\"aux-parallax-section elementor-column elementor-col-25 elementor-top-column elementor-element elementor-element-fb7c4a7\" data-id=\"fb7c4a7\" data-element_type=\"column\">\n\t\t\t<div class=\"elementor-widget-wrap\">\n\t\t\t\t\t\t\t<\/div>\n\t\t<\/div>\n\t\t\t\t<div class=\"aux-parallax-section elementor-column elementor-col-25 elementor-top-column elementor-element elementor-element-1ac5381\" data-id=\"1ac5381\" data-element_type=\"column\">\n\t\t\t<div class=\"elementor-widget-wrap\">\n\t\t\t\t\t\t\t<\/div>\n\t\t<\/div>\n\t\t\t\t\t<\/div>\n\t\t<\/section>\n\t\t\t\t<\/div>\n\t\t","protected":false},"excerpt":{"rendered":"<p>Y\u00f6netim Kadromuz J\u00fclide \u00d6ZSOY Genel M\u00fcd\u00fcr 1981 Y\u0131l\u0131nda \u0130zmir\u2019de do\u011fdu. Liseyi \u0130zmir\u2019de \u00f6zel bir kolejde tamamlad\u0131. 2000 y\u0131l\u0131nda Bilkent \u00dcniversitesi Uluslararas\u0131 \u0130\u015fletme B\u00f6l\u00fcm\u00fc\u2019n\u00fc kazand\u0131. 2 y\u0131l \u00f6\u011freniminin ard\u0131ndan Yeditepe \u00dcniversitesi\u2019ne yatay ge\u00e7i\u015f yaparak 2005 y\u0131l\u0131nda ba\u015far\u0131 ile mezun oldu. \u0130stanbul\u2019da 3 y\u0131l boyunca \u00f6zel bir kolejde e\u011fitim y\u00f6neticili\u011fi g\u00f6revinde bulundu. Son olarak \u0130zmir\u2019de \u00f6zel bir [&hellip;]<\/p>\n","protected":false},"author":1,"featured_media":0,"parent":0,"menu_order":0,"comment_status":"closed","ping_status":"closed","template":"","meta":{"footnotes":""},"class_list":["post-732","page","type-page","status-publish","hentry"],"_links":{"self":[{"href":"https:\/\/tekfenkoleji.k12.tr\/index.php\/wp-json\/wp\/v2\/pages\/732","targetHints":{"allow":["GET"]}}],"collection":[{"href":"https:\/\/tekfenkoleji.k12.tr\/index.php\/wp-json\/wp\/v2\/pages"}],"about":[{"href":"https:\/\/tekfenkoleji.k12.tr\/index.php\/wp-json\/wp\/v2\/types\/page"}],"author":[{"embeddable":true,"href":"https:\/\/tekfenkoleji.k12.tr\/index.php\/wp-json\/wp\/v2\/users\/1"}],"replies":[{"embeddable":true,"href":"https:\/\/tekfenkoleji.k12.tr\/index.php\/wp-json\/wp\/v2\/comments?post=732"}],"version-history":[{"count":62,"href":"https:\/\/tekfenkoleji.k12.tr\/index.php\/wp-json\/wp\/v2\/pages\/732\/revisions"}],"predecessor-version":[{"id":2800,"href":"https:\/\/tekfenkoleji.k12.tr\/index.php\/wp-json\/wp\/v2\/pages\/732\/revisions\/2800"}],"wp:attachment":[{"href":"https:\/\/tekfenkoleji.k12.tr\/index.php\/wp-json\/wp\/v2\/media?parent=732"}],"curies":[{"name":"wp","href":"https:\/\/api.w.org\/{rel}","templated":true}]}}